{"id":1228,"date":"2019-11-05T20:07:44","date_gmt":"2019-11-05T19:07:44","guid":{"rendered":"http:\/\/basilephilippe.eu\/?page_id=1228"},"modified":"2023-10-23T21:45:42","modified_gmt":"2023-10-23T19:45:42","slug":"within-beignade-ii","status":"publish","type":"page","link":"http:\/\/basilephilippe.eu\/index.php\/within-beignade-ii\/","title":{"rendered":"Within \/Beignade II"},"content":{"rendered":"\t\t<div data-elementor-type=\"wp-post\" data-elementor-id=\"1228\" class=\"elementor elementor-1228\">\n\t\t\t\t\t\t\t\t\t<section class=\"elementor-section elementor-top-section elementor-element elementor-element-5172b62 elementor-section-stretched elementor-section-boxed elementor-section-height-default elementor-section-height-default\" data-id=\"5172b62\" data-element_type=\"section\" data-settings=\"{&quot;stretch_section&quot;:&quot;section-stretched&quot;}\">\n\t\t\t\t\t\t<div class=\"elementor-container elementor-column-gap-default\">\n\t\t\t\t\t<div class=\"elementor-column elementor-col-100 elementor-top-column elementor-element elementor-element-73ca2fe\" data-id=\"73ca2fe\" data-element_type=\"column\">\n\t\t\t<div class=\"elementor-widget-wrap elementor-element-populated\">\n\t\t\t\t\t\t\t\t<div class=\"elementor-element elementor-element-0842b65 elementor-widget elementor-widget-spacer\" data-id=\"0842b65\" data-element_type=\"widget\" data-widget_type=\"spacer.default\">\n\t\t\t\t<div class=\"elementor-widget-container\">\n\t\t\t\t\t<div class=\"elementor-spacer\">\n\t\t\t<div class=\"elementor-spacer-inner\"><\/div>\n\t\t<\/div>\n\t\t\t\t<\/div>\n\t\t\t\t<\/div>\n\t\t\t\t\t<\/div>\n\t\t<\/div>\n\t\t\t\t\t\t\t<\/div>\n\t\t<\/section>\n\t\t\t\t<section class=\"elementor-section elementor-top-section elementor-element elementor-element-7a2b222 elementor-section-stretched elementor-section-boxed elementor-section-height-default elementor-section-height-default\" data-id=\"7a2b222\" data-element_type=\"section\" data-settings=\"{&quot;stretch_section&quot;:&quot;section-stretched&quot;}\">\n\t\t\t\t\t\t<div class=\"elementor-container elementor-column-gap-default\">\n\t\t\t\t\t<div class=\"elementor-column elementor-col-100 elementor-top-column elementor-element elementor-element-bf61244\" data-id=\"bf61244\" data-element_type=\"column\">\n\t\t\t<div class=\"elementor-widget-wrap elementor-element-populated\">\n\t\t\t\t\t\t\t\t<div class=\"elementor-element elementor-element-fc80fc7 elementor-widget elementor-widget-heading\" data-id=\"fc80fc7\" data-element_type=\"widget\" data-widget_type=\"heading.default\">\n\t\t\t\t<div class=\"elementor-widget-container\">\n\t\t\t<h2 class=\"elementor-heading-title elementor-size-default\"><b><i>Within<\/i> \/ Beignade II<\/b><\/h2>\t\t<\/div>\n\t\t\t\t<\/div>\n\t\t\t\t\t<\/div>\n\t\t<\/div>\n\t\t\t\t\t\t\t<\/div>\n\t\t<\/section>\n\t\t\t\t<section class=\"elementor-section elementor-top-section elementor-element elementor-element-0925e27 elementor-section-stretched elementor-section-boxed elementor-section-height-default elementor-section-height-default\" data-id=\"0925e27\" data-element_type=\"section\" data-settings=\"{&quot;stretch_section&quot;:&quot;section-stretched&quot;}\">\n\t\t\t\t\t\t<div class=\"elementor-container elementor-column-gap-default\">\n\t\t\t\t\t<div class=\"elementor-column elementor-col-100 elementor-top-column elementor-element elementor-element-9e95eba\" data-id=\"9e95eba\" data-element_type=\"column\">\n\t\t\t<div class=\"elementor-widget-wrap elementor-element-populated\">\n\t\t\t\t\t\t\t\t<div class=\"elementor-element elementor-element-96f0240 elementor-widget elementor-widget-spacer\" data-id=\"96f0240\" data-element_type=\"widget\" data-widget_type=\"spacer.default\">\n\t\t\t\t<div class=\"elementor-widget-container\">\n\t\t\t\t\t<div class=\"elementor-spacer\">\n\t\t\t<div class=\"elementor-spacer-inner\"><\/div>\n\t\t<\/div>\n\t\t\t\t<\/div>\n\t\t\t\t<\/div>\n\t\t\t\t\t<\/div>\n\t\t<\/div>\n\t\t\t\t\t\t\t<\/div>\n\t\t<\/section>\n\t\t\t\t<section class=\"elementor-section elementor-top-section elementor-element elementor-element-5fd365a elementor-section-stretched elementor-section-boxed elementor-section-height-default elementor-section-height-default\" data-id=\"5fd365a\" data-element_type=\"section\" data-settings=\"{&quot;stretch_section&quot;:&quot;section-stretched&quot;}\">\n\t\t\t\t\t\t<div class=\"elementor-container elementor-column-gap-default\">\n\t\t\t\t\t<div class=\"elementor-column elementor-col-100 elementor-top-column elementor-element elementor-element-9700b70\" data-id=\"9700b70\" data-element_type=\"column\">\n\t\t\t<div class=\"elementor-widget-wrap elementor-element-populated\">\n\t\t\t\t\t\t\t\t<div class=\"elementor-element elementor-element-ad95f6c elementor-widget elementor-widget-text-editor\" data-id=\"ad95f6c\" data-element_type=\"widget\" data-widget_type=\"text-editor.default\">\n\t\t\t\t<div class=\"elementor-widget-container\">\n\t\t\t\t\t\t\t<p><i>Within<\/i> est le deuxi\u00e8me volet du cycle de cr\u00e9ation des Beignades. Cette courte pi\u00e8ce d&rsquo;une demie heure, est pr\u00e9sent\u00e9e dans un espace quadri-frontal, le tout encadr\u00e9 par une assistance assise ou en mouvement<i>.<\/i> Durant<i> Within, <\/i>le public est invit\u00e9 \u00e0 changer d&rsquo;angles de vues, \u00e0 se d\u00e9placer de tous c\u00f4t\u00e9s afin de mieux d\u00e9couvrir et ressentir les diff\u00e9rentes textures, sons, paysages.<i>..<\/i><\/p>\t\t\t\t\t\t<\/div>\n\t\t\t\t<\/div>\n\t\t\t\t\t<\/div>\n\t\t<\/div>\n\t\t\t\t\t\t\t<\/div>\n\t\t<\/section>\n\t\t\t\t<section class=\"elementor-section elementor-top-section elementor-element elementor-element-364021c elementor-section-stretched elementor-section-height-full elementor-section-content-middle elementor-section-boxed elementor-section-height-default elementor-section-items-middle\" data-id=\"364021c\" data-element_type=\"section\" data-settings=\"{&quot;stretch_section&quot;:&quot;section-stretched&quot;}\">\n\t\t\t\t\t\t<div class=\"elementor-container elementor-column-gap-wide\">\n\t\t\t\t\t<div class=\"elementor-column elementor-col-33 elementor-top-column elementor-element elementor-element-3b7e909\" data-id=\"3b7e909\" data-element_type=\"column\">\n\t\t\t<div class=\"elementor-widget-wrap elementor-element-populated\">\n\t\t\t\t\t\t\t\t<div class=\"elementor-element elementor-element-dba133a gallery-spacing-custom elementor-widget elementor-widget-image-gallery\" data-id=\"dba133a\" data-element_type=\"widget\" data-widget_type=\"image-gallery.default\">\n\t\t\t\t<div class=\"elementor-widget-container\">\n\t\t\t\t\t<div class=\"elementor-image-gallery\">\n\t\t\t<div id='gallery-1' class='gallery galleryid-1228 gallery-columns-1 gallery-size-medium'><figure class='gallery-item'>\n\t\t\t<div class='gallery-icon landscape'>\n\t\t\t\t<a data-elementor-open-lightbox=\"yes\" data-elementor-lightbox-slideshow=\"dba133a\" data-elementor-lightbox-title=\"Within Veste\" data-e-action-hash=\"#elementor-action%3Aaction%3Dlightbox%26settings%3DeyJpZCI6MTI0MiwidXJsIjoiaHR0cDpcL1wvYmFzaWxlcGhpbGlwcGUuZXVcL3dwLWNvbnRlbnRcL3VwbG9hZHNcLzIwMTlcLzExXC9EU0NfNzUwMi5qcGciLCJzbGlkZXNob3ciOiJkYmExMzNhIn0%3D\" href='http:\/\/basilephilippe.eu\/wp-content\/uploads\/2019\/11\/DSC_7502.jpg'><img width=\"300\" height=\"169\" src=\"http:\/\/basilephilippe.eu\/wp-content\/uploads\/2019\/11\/DSC_7502-300x169.jpg\" class=\"attachment-medium size-medium\" alt=\"\" decoding=\"async\" loading=\"lazy\" srcset=\"http:\/\/basilephilippe.eu\/wp-content\/uploads\/2019\/11\/DSC_7502-300x169.jpg 300w, http:\/\/basilephilippe.eu\/wp-content\/uploads\/2019\/11\/DSC_7502-768x432.jpg 768w, http:\/\/basilephilippe.eu\/wp-content\/uploads\/2019\/11\/DSC_7502-1024x576.jpg 1024w\" sizes=\"(max-width: 300px) 100vw, 300px\" \/><\/a>\n\t\t\t<\/div><\/figure><figure class='gallery-item'>\n\t\t\t<div class='gallery-icon landscape'>\n\t\t\t\t<a data-elementor-open-lightbox=\"yes\" data-elementor-lightbox-slideshow=\"dba133a\" data-elementor-lightbox-title=\"Within seul\" data-e-action-hash=\"#elementor-action%3Aaction%3Dlightbox%26settings%3DeyJpZCI6MTI0MSwidXJsIjoiaHR0cDpcL1wvYmFzaWxlcGhpbGlwcGUuZXVcL3dwLWNvbnRlbnRcL3VwbG9hZHNcLzIwMTlcLzExXC9EU0NfNzM3Ny5qcGciLCJzbGlkZXNob3ciOiJkYmExMzNhIn0%3D\" href='http:\/\/basilephilippe.eu\/wp-content\/uploads\/2019\/11\/DSC_7377.jpg'><img width=\"300\" height=\"169\" src=\"http:\/\/basilephilippe.eu\/wp-content\/uploads\/2019\/11\/DSC_7377-300x169.jpg\" class=\"attachment-medium size-medium\" alt=\"\" decoding=\"async\" loading=\"lazy\" srcset=\"http:\/\/basilephilippe.eu\/wp-content\/uploads\/2019\/11\/DSC_7377-300x169.jpg 300w, http:\/\/basilephilippe.eu\/wp-content\/uploads\/2019\/11\/DSC_7377-768x432.jpg 768w, http:\/\/basilephilippe.eu\/wp-content\/uploads\/2019\/11\/DSC_7377-1024x576.jpg 1024w\" sizes=\"(max-width: 300px) 100vw, 300px\" \/><\/a>\n\t\t\t<\/div><\/figure><figure class='gallery-item'>\n\t\t\t<div class='gallery-icon landscape'>\n\t\t\t\t<a data-elementor-open-lightbox=\"yes\" data-elementor-lightbox-slideshow=\"dba133a\" data-elementor-lightbox-title=\"Within final\" data-e-action-hash=\"#elementor-action%3Aaction%3Dlightbox%26settings%3DeyJpZCI6MTI0MywidXJsIjoiaHR0cDpcL1wvYmFzaWxlcGhpbGlwcGUuZXVcL3dwLWNvbnRlbnRcL3VwbG9hZHNcLzIwMTlcLzExXC9EU0NfNzU5OS5qcGciLCJzbGlkZXNob3ciOiJkYmExMzNhIn0%3D\" href='http:\/\/basilephilippe.eu\/wp-content\/uploads\/2019\/11\/DSC_7599.jpg'><img width=\"300\" height=\"169\" src=\"http:\/\/basilephilippe.eu\/wp-content\/uploads\/2019\/11\/DSC_7599-300x169.jpg\" class=\"attachment-medium size-medium\" alt=\"\" decoding=\"async\" loading=\"lazy\" srcset=\"http:\/\/basilephilippe.eu\/wp-content\/uploads\/2019\/11\/DSC_7599-300x169.jpg 300w, http:\/\/basilephilippe.eu\/wp-content\/uploads\/2019\/11\/DSC_7599-768x432.jpg 768w, http:\/\/basilephilippe.eu\/wp-content\/uploads\/2019\/11\/DSC_7599-1024x576.jpg 1024w\" sizes=\"(max-width: 300px) 100vw, 300px\" \/><\/a>\n\t\t\t<\/div><\/figure>\n\t\t<\/div>\n\t\t<\/div>\n\t\t\t\t<\/div>\n\t\t\t\t<\/div>\n\t\t\t\t\t<\/div>\n\t\t<\/div>\n\t\t\t\t<div class=\"elementor-column elementor-col-66 elementor-top-column elementor-element elementor-element-e5a7280\" data-id=\"e5a7280\" data-element_type=\"column\">\n\t\t\t<div class=\"elementor-widget-wrap elementor-element-populated\">\n\t\t\t\t\t\t\t\t<div class=\"elementor-element elementor-element-c2b8b9f elementor-widget elementor-widget-text-editor\" data-id=\"c2b8b9f\" data-element_type=\"widget\" data-widget_type=\"text-editor.default\">\n\t\t\t\t<div class=\"elementor-widget-container\">\n\t\t\t\t\t\t\t<p><span style=\"font-weight: 400;\">Cette pi\u00e8ce parle d\u2019aujourd\u2019hui.<\/span><\/p><p><span style=\"font-weight: 400;\">Cette pi\u00e8ce parle de Cirque.<\/span><\/p><p><span style=\"font-weight: 400;\">Cette pi\u00e8ce est un espace donn\u00e9.<\/span><\/p><p><span style=\"font-weight: 400;\">\u00a0<\/span><\/p><p><span style=\"font-weight: 400;\">Within \/ Beignade II c\u2019est une mati\u00e8re active\/passive, qui domine pour \u00eatre domin\u00e9e.\u00a0<\/span><\/p><p><span style=\"font-weight: 400;\">Within \/ Beignade II c\u2019est un temps, un lieu, une libert\u00e9. Mais c\u2019est aussi une survie, une solitude et un manque.<\/span><\/p><p><span style=\"font-weight: 400;\">Within \/ Beignade II c\u2019est notre manifeste actuel, celui de notre maintenant, et ceci sera, jusqu\u2019au prochain.<\/span><\/p>\t\t\t\t\t\t<\/div>\n\t\t\t\t<\/div>\n\t\t\t\t\t<\/div>\n\t\t<\/div>\n\t\t\t\t\t\t\t<\/div>\n\t\t<\/section>\n\t\t\t\t<section class=\"elementor-section elementor-top-section elementor-element elementor-element-dc1f254 elementor-section-boxed elementor-section-height-default elementor-section-height-default\" data-id=\"dc1f254\" data-element_type=\"section\">\n\t\t\t\t\t\t<div class=\"elementor-container elementor-column-gap-default\">\n\t\t\t\t\t<div class=\"elementor-column elementor-col-100 elementor-top-column elementor-element elementor-element-7876ccb\" data-id=\"7876ccb\" data-element_type=\"column\">\n\t\t\t<div class=\"elementor-widget-wrap elementor-element-populated\">\n\t\t\t\t\t\t\t\t<div class=\"elementor-element elementor-element-9342c26 elementor-widget elementor-widget-text-editor\" data-id=\"9342c26\" data-element_type=\"widget\" data-widget_type=\"text-editor.default\">\n\t\t\t\t<div class=\"elementor-widget-container\">\n\t\t\t\t\t\t\t<p>Note d&rsquo;intention<\/p>\t\t\t\t\t\t<\/div>\n\t\t\t\t<\/div>\n\t\t\t\t\t<\/div>\n\t\t<\/div>\n\t\t\t\t\t\t\t<\/div>\n\t\t<\/section>\n\t\t\t\t<section class=\"elementor-section elementor-top-section elementor-element elementor-element-bffde6a elementor-section-stretched elementor-section-boxed elementor-section-height-default elementor-section-height-default\" data-id=\"bffde6a\" data-element_type=\"section\" data-settings=\"{&quot;stretch_section&quot;:&quot;section-stretched&quot;}\">\n\t\t\t\t\t\t<div class=\"elementor-container elementor-column-gap-default\">\n\t\t\t\t\t<div class=\"elementor-column elementor-col-100 elementor-top-column elementor-element elementor-element-55af17c\" data-id=\"55af17c\" data-element_type=\"column\">\n\t\t\t<div class=\"elementor-widget-wrap elementor-element-populated\">\n\t\t\t\t\t\t\t\t<div class=\"elementor-element elementor-element-bb3e66d elementor-widget elementor-widget-text-editor\" data-id=\"bb3e66d\" data-element_type=\"widget\" data-widget_type=\"text-editor.default\">\n\t\t\t\t<div class=\"elementor-widget-container\">\n\t\t\t\t\t\t\t<h3>\u00a0<\/h3><div><p>Bruire c\u2019est exister, crisser c\u2019est s\u2019affirmer. En bruissant l\u2019un contre l\u2019autre nous d\u00e9finissons un espace. C\u2019est comme cela que tout commence. Au commencement, il y avait tout.<\/p><p><span style=\"font-weight: 400;\">Le public s\u2019invite, d\u00e9ambule, choisi son angle. Tout est donn\u00e9, c\u2019est \u00e0 lui de choisir.<\/span><\/p><p><span style=\"font-weight: 400;\">Within est un espace embrass\u00e9 par l\u2019assistance, o\u00f9 le corps et les objets ( mati\u00e8re ) se manipulent. L\u2019espace s\u2019ouvre, gonfle et se scinde au rythme des frottements, grincements et caresses.<\/span><\/p><p><span style=\"font-weight: 400;\">Within est un rituel de passage une fois de plus il faut (re)construir, trouver sa voie sans en \u00eatre conscient, avancer quel que soit le sens ( ACTIF ? ).<\/span><\/p><p><span style=\"font-weight: 400;\">Actif &amp; Passif sont non-binaires, ils sont n\u00e9cessaires.\u00a0<\/span><\/p><p><span style=\"font-weight: 400;\">Le mouvement est un corps passif.<\/span><\/p><p><span style=\"font-weight: 400;\">S\u2019affirmer en prenant part \u00e0 l\u2019espace. Se fondre de mani\u00e8re proactive.\u00a0<\/span><\/p><p><span style=\"font-weight: 400;\">Accepter la na\u00efvet\u00e9 d\u2019un jeune corps.<\/span><\/p><p><span style=\"font-weight: 400;\">Je suis un homme, j\u2019ai toujours \u00e9t\u00e9 Dominant, m\u00eame de fa\u00e7on inconsciente. Je cherche \u00e0 me construire, \u00e0 \u00eatre. Cr\u00e9er un espace pour se d\u00e9sapprendre et exp\u00e9rimenter une sexualit\u00e9, adapter sa libido.<\/span><\/p><p><span style=\"font-weight: 400;\">Lorsque je suis dans l\u2019espace de Within, je suis Narcisse, je suis le David, je suis Gogo Boy, je suis Marianne, je suis texture. La temporalit\u00e9 change, les diff\u00e9rentes \u00e9nergies se frottent aux espaces qui se cr\u00e9ent, tout s\u2019oppose et se m\u00e9lange. Les diff\u00e9rentes bulles se scindent et fusionnent. Il n\u2019est plus que question d\u2019\u00e9nergie entre les textures, les sons et autres vibrations. Je, fait parti du tout.<\/span><\/p><\/div>\t\t\t\t\t\t<\/div>\n\t\t\t\t<\/div>\n\t\t\t\t\t<\/div>\n\t\t<\/div>\n\t\t\t\t\t\t\t<\/div>\n\t\t<\/section>\n\t\t\t\t<section class=\"elementor-section elementor-top-section elementor-element elementor-element-8eb0a63 elementor-section-stretched elementor-section-boxed elementor-section-height-default elementor-section-height-default\" data-id=\"8eb0a63\" data-element_type=\"section\" data-settings=\"{&quot;stretch_section&quot;:&quot;section-stretched&quot;}\">\n\t\t\t\t\t\t<div class=\"elementor-container elementor-column-gap-default\">\n\t\t\t\t\t<div class=\"elementor-column elementor-col-100 elementor-top-column elementor-element elementor-element-90846e7\" data-id=\"90846e7\" data-element_type=\"column\">\n\t\t\t<div class=\"elementor-widget-wrap elementor-element-populated\">\n\t\t\t\t\t\t\t\t<div class=\"elementor-element elementor-element-3be3f24 elementor-widget elementor-widget-spacer\" data-id=\"3be3f24\" data-element_type=\"widget\" data-widget_type=\"spacer.default\">\n\t\t\t\t<div class=\"elementor-widget-container\">\n\t\t\t\t\t<div class=\"elementor-spacer\">\n\t\t\t<div class=\"elementor-spacer-inner\"><\/div>\n\t\t<\/div>\n\t\t\t\t<\/div>\n\t\t\t\t<\/div>\n\t\t\t\t\t<\/div>\n\t\t<\/div>\n\t\t\t\t\t\t\t<\/div>\n\t\t<\/section>\n\t\t\t\t<section class=\"elementor-section elementor-top-section elementor-element elementor-element-bd0d31d elementor-section-stretched elementor-section-boxed elementor-section-height-default elementor-section-height-default\" data-id=\"bd0d31d\" data-element_type=\"section\" data-settings=\"{&quot;stretch_section&quot;:&quot;section-stretched&quot;}\">\n\t\t\t\t\t\t<div class=\"elementor-container elementor-column-gap-default\">\n\t\t\t\t\t<div class=\"elementor-column elementor-col-33 elementor-top-column elementor-element elementor-element-643369a\" data-id=\"643369a\" data-element_type=\"column\">\n\t\t\t<div class=\"elementor-widget-wrap elementor-element-populated\">\n\t\t\t\t\t\t\t\t<div class=\"elementor-element elementor-element-6a5df76 elementor-widget elementor-widget-video\" data-id=\"6a5df76\" data-element_type=\"widget\" data-settings=\"{&quot;video_type&quot;:&quot;vimeo&quot;}\" data-widget_type=\"video.default\">\n\t\t\t\t<div class=\"elementor-widget-container\">\n\t\t\t\t\t<div class=\"elementor-wrapper elementor-open-inline\">\n\t\t\t<iframe class=\"elementor-video-iframe\" allowfullscreen title=\"Lecteur vid\u00e9o youtube\" src=\"https:\/\/www.youtube.com\/embed\/hDsY-aN9qm4?feature=oembed&amp;color=e500ff&amp;autopause=0&amp;loop=0&amp;muted=0&amp;title=0&amp;portrait=0&amp;byline=1\"><\/iframe>\t\t<\/div>\n\t\t\t\t<\/div>\n\t\t\t\t<\/div>\n\t\t\t\t\t<\/div>\n\t\t<\/div>\n\t\t\t\t<div class=\"elementor-column elementor-col-33 elementor-top-column elementor-element elementor-element-c034f19\" data-id=\"c034f19\" data-element_type=\"column\">\n\t\t\t<div class=\"elementor-widget-wrap\">\n\t\t\t\t\t\t\t\t\t<\/div>\n\t\t<\/div>\n\t\t\t\t<div class=\"elementor-column elementor-col-33 elementor-top-column elementor-element elementor-element-6404199\" data-id=\"6404199\" data-element_type=\"column\">\n\t\t\t<div class=\"elementor-widget-wrap elementor-element-populated\">\n\t\t\t\t\t\t\t\t<div class=\"elementor-element elementor-element-163edb6 elementor-widget elementor-widget-text-editor\" data-id=\"163edb6\" data-element_type=\"widget\" data-widget_type=\"text-editor.default\">\n\t\t\t\t<div class=\"elementor-widget-container\">\n\t\t\t\t\t\t\t<h2>\u00a0<b>Cr\u00e9dits<\/b><\/h2><p>\u00a0Id\u00e9ation : Basile Herrmann Philippe<\/p><p>Conseils \/ Activateur : Peter James<\/p><p>Musique : P. Niblock, I. Reiko, F. Philippe<\/p><p>Technique : F\u00e9lix Philippe\u00a0<\/p><p>\u00a0<\/p>\t\t\t\t\t\t<\/div>\n\t\t\t\t<\/div>\n\t\t\t\t<div class=\"elementor-element elementor-element-b172f38 elementor-align-left elementor-mobile-align-center elementor-widget elementor-widget-button\" data-id=\"b172f38\" data-element_type=\"widget\" data-widget_type=\"button.default\">\n\t\t\t\t<div class=\"elementor-widget-container\">\n\t\t\t\t\t<div class=\"elementor-button-wrapper\">\n\t\t\t<a class=\"elementor-button elementor-button-link elementor-size-md\" href=\"http:\/\/basilephilippe.eu\/wp-content\/uploads\/2019\/11\/FicheTechWithin10_2019.pdf\" target=\"_blank\">\n\t\t\t\t\t\t<span class=\"elementor-button-content-wrapper\">\n\t\t\t\t\t\t<span class=\"elementor-button-text\">Fiche Technique<\/span>\n\t\t<\/span>\n\t\t\t\t\t<\/a>\n\t\t<\/div>\n\t\t\t\t<\/div>\n\t\t\t\t<\/div>\n\t\t\t\t<div class=\"elementor-element elementor-element-b72d962 elementor-widget elementor-widget-spacer\" data-id=\"b72d962\" data-element_type=\"widget\" data-widget_type=\"spacer.default\">\n\t\t\t\t<div class=\"elementor-widget-container\">\n\t\t\t\t\t<div class=\"elementor-spacer\">\n\t\t\t<div class=\"elementor-spacer-inner\"><\/div>\n\t\t<\/div>\n\t\t\t\t<\/div>\n\t\t\t\t<\/div>\n\t\t\t\t\t<\/div>\n\t\t<\/div>\n\t\t\t\t\t\t\t<\/div>\n\t\t<\/section>\n\t\t\t\t<section class=\"elementor-section elementor-top-section elementor-element elementor-element-6b668d6 elementor-section-stretched elementor-section-boxed elementor-section-height-default elementor-section-height-default\" data-id=\"6b668d6\" data-element_type=\"section\" data-settings=\"{&quot;stretch_section&quot;:&quot;section-stretched&quot;}\">\n\t\t\t\t\t\t<div class=\"elementor-container elementor-column-gap-default\">\n\t\t\t\t\t<div class=\"elementor-column elementor-col-100 elementor-top-column elementor-element elementor-element-cc3da4b\" data-id=\"cc3da4b\" data-element_type=\"column\">\n\t\t\t<div class=\"elementor-widget-wrap elementor-element-populated\">\n\t\t\t\t\t\t\t\t<div class=\"elementor-element elementor-element-5137bde elementor-widget elementor-widget-spacer\" data-id=\"5137bde\" data-element_type=\"widget\" data-widget_type=\"spacer.default\">\n\t\t\t\t<div class=\"elementor-widget-container\">\n\t\t\t\t\t<div class=\"elementor-spacer\">\n\t\t\t<div class=\"elementor-spacer-inner\"><\/div>\n\t\t<\/div>\n\t\t\t\t<\/div>\n\t\t\t\t<\/div>\n\t\t\t\t\t<\/div>\n\t\t<\/div>\n\t\t\t\t\t\t\t<\/div>\n\t\t<\/section>\n\t\t\t\t<section class=\"elementor-section elementor-top-section elementor-element elementor-element-64e4de2 elementor-section-stretched elementor-section-boxed elementor-section-height-default elementor-section-height-default\" data-id=\"64e4de2\" data-element_type=\"section\" data-settings=\"{&quot;stretch_section&quot;:&quot;section-stretched&quot;}\">\n\t\t\t\t\t\t<div class=\"elementor-container elementor-column-gap-default\">\n\t\t\t\t\t<div class=\"elementor-column elementor-col-100 elementor-top-column elementor-element elementor-element-2194883\" data-id=\"2194883\" data-element_type=\"column\">\n\t\t\t<div class=\"elementor-widget-wrap elementor-element-populated\">\n\t\t\t\t\t\t\t\t<div class=\"elementor-element elementor-element-2dc876d elementor-widget elementor-widget-text-editor\" data-id=\"2dc876d\" data-element_type=\"widget\" data-widget_type=\"text-editor.default\">\n\t\t\t\t<div class=\"elementor-widget-container\">\n\t\t\t\t\t\t\t<p><em>Within<\/em> \/ Beignade II a \u00e9t\u00e9 pr\u00e9sent\u00e9 en 2019 durant le festival Montr\u00e9al Compl\u00e8tement Cirque en partenariat avec La Chapelle Sc\u00e8ne Contemporaine, dans le programme de l&rsquo;Autre Cirque.\u00a0<\/p><p><em>Within<\/em> \/ Beignade II a \u00e9t\u00e9 accueilli en cr\u00e9ation \u00e0 la Tohu Cit\u00e9 des Arts du cirque mais \u00e9galement \u00e0 la Fonderie Darling.<\/p>\t\t\t\t\t\t<\/div>\n\t\t\t\t<\/div>\n\t\t\t\t\t<\/div>\n\t\t<\/div>\n\t\t\t\t\t\t\t<\/div>\n\t\t<\/section>\n\t\t\t\t<section class=\"elementor-section elementor-top-section elementor-element elementor-element-4c65e47 elementor-section-boxed elementor-section-height-default elementor-section-height-default\" data-id=\"4c65e47\" data-element_type=\"section\">\n\t\t\t\t\t\t<div class=\"elementor-container elementor-column-gap-default\">\n\t\t\t\t\t<div class=\"elementor-column elementor-col-100 elementor-top-column elementor-element elementor-element-b74e408\" data-id=\"b74e408\" data-element_type=\"column\">\n\t\t\t<div class=\"elementor-widget-wrap elementor-element-populated\">\n\t\t\t\t\t\t\t\t<div class=\"elementor-element elementor-element-4a349b6 elementor-widget elementor-widget-spacer\" data-id=\"4a349b6\" data-element_type=\"widget\" data-widget_type=\"spacer.default\">\n\t\t\t\t<div class=\"elementor-widget-container\">\n\t\t\t\t\t<div class=\"elementor-spacer\">\n\t\t\t<div class=\"elementor-spacer-inner\"><\/div>\n\t\t<\/div>\n\t\t\t\t<\/div>\n\t\t\t\t<\/div>\n\t\t\t\t\t<\/div>\n\t\t<\/div>\n\t\t\t\t\t\t\t<\/div>\n\t\t<\/section>\n\t\t\t\t<section class=\"elementor-section elementor-top-section elementor-element elementor-element-54c507c elementor-section-stretched elementor-section-boxed elementor-section-height-default elementor-section-height-default\" data-id=\"54c507c\" data-element_type=\"section\" data-settings=\"{&quot;stretch_section&quot;:&quot;section-stretched&quot;}\">\n\t\t\t\t\t\t<div class=\"elementor-container elementor-column-gap-default\">\n\t\t\t\t\t<div class=\"elementor-column elementor-col-100 elementor-top-column elementor-element elementor-element-4aa6b1c\" data-id=\"4aa6b1c\" data-element_type=\"column\">\n\t\t\t<div class=\"elementor-widget-wrap elementor-element-populated\">\n\t\t\t\t\t\t\t\t<div class=\"elementor-element elementor-element-21ba427 elementor-widget elementor-widget-text-editor\" data-id=\"21ba427\" data-element_type=\"widget\" data-widget_type=\"text-editor.default\">\n\t\t\t\t<div class=\"elementor-widget-container\">\n\t\t\t\t\t\t\t<p>Cr\u00e9dits photos :\u00a0Alexandre Galliez<\/p>\t\t\t\t\t\t<\/div>\n\t\t\t\t<\/div>\n\t\t\t\t\t<\/div>\n\t\t<\/div>\n\t\t\t\t\t\t\t<\/div>\n\t\t<\/section>\n\t\t\t\t\t\t\t<\/div>\n\t\t","protected":false},"excerpt":{"rendered":"<p>Within \/ Beignade II Within est le deuxi\u00e8me volet du cycle de cr\u00e9ation des Beignades. Cette courte pi\u00e8ce d&rsquo;une demie heure, est pr\u00e9sent\u00e9e dans un espace quadri-frontal, le tout encadr\u00e9 par une assistance assise ou en mouvement. Durant Within, le public est invit\u00e9 \u00e0 changer d&rsquo;angles de vues, \u00e0 se d\u00e9placer de tous c\u00f4t\u00e9s afin [&hellip;]<\/p>\n","protected":false},"author":1,"featured_media":0,"parent":0,"menu_order":0,"comment_status":"closed","ping_status":"closed","template":"","meta":{"footnotes":""},"aioseo_notices":[],"_links":{"self":[{"href":"http:\/\/basilephilippe.eu\/index.php\/wp-json\/wp\/v2\/pages\/1228"}],"collection":[{"href":"http:\/\/basilephilippe.eu\/index.php\/wp-json\/wp\/v2\/pages"}],"about":[{"href":"http:\/\/basilephilippe.eu\/index.php\/wp-json\/wp\/v2\/types\/page"}],"author":[{"embeddable":true,"href":"http:\/\/basilephilippe.eu\/index.php\/wp-json\/wp\/v2\/users\/1"}],"replies":[{"embeddable":true,"href":"http:\/\/basilephilippe.eu\/index.php\/wp-json\/wp\/v2\/comments?post=1228"}],"version-history":[{"count":17,"href":"http:\/\/basilephilippe.eu\/index.php\/wp-json\/wp\/v2\/pages\/1228\/revisions"}],"predecessor-version":[{"id":1784,"href":"http:\/\/basilephilippe.eu\/index.php\/wp-json\/wp\/v2\/pages\/1228\/revisions\/1784"}],"wp:attachment":[{"href":"http:\/\/basilephilippe.eu\/index.php\/wp-json\/wp\/v2\/media?parent=1228"}],"curies":[{"name":"wp","href":"https:\/\/api.w.org\/{rel}","templated":true}]}}