{"id":1347,"date":"2019-11-06T23:48:54","date_gmt":"2019-11-06T22:48:54","guid":{"rendered":"http:\/\/basilephilippe.eu\/?page_id=1347"},"modified":"2023-10-23T22:56:25","modified_gmt":"2023-10-23T20:56:25","slug":"truc-truc-1-0","status":"publish","type":"page","link":"http:\/\/basilephilippe.eu\/index.php\/truc-truc-1-0\/","title":{"rendered":"Truc Truc 1.0"},"content":{"rendered":"\t\t<div data-elementor-type=\"wp-post\" data-elementor-id=\"1347\" class=\"elementor elementor-1347\">\n\t\t\t\t\t\t\t\t\t<section class=\"elementor-section elementor-top-section elementor-element elementor-element-1884f3f elementor-section-boxed elementor-section-height-default elementor-section-height-default\" data-id=\"1884f3f\" data-element_type=\"section\">\n\t\t\t\t\t\t<div class=\"elementor-container elementor-column-gap-default\">\n\t\t\t\t\t<div class=\"elementor-column elementor-col-100 elementor-top-column elementor-element elementor-element-a3fd2a0\" data-id=\"a3fd2a0\" data-element_type=\"column\">\n\t\t\t<div class=\"elementor-widget-wrap elementor-element-populated\">\n\t\t\t\t\t\t\t\t<div class=\"elementor-element elementor-element-c0c4625 elementor-widget elementor-widget-spacer\" data-id=\"c0c4625\" data-element_type=\"widget\" data-widget_type=\"spacer.default\">\n\t\t\t\t<div class=\"elementor-widget-container\">\n\t\t\t\t\t<div class=\"elementor-spacer\">\n\t\t\t<div class=\"elementor-spacer-inner\"><\/div>\n\t\t<\/div>\n\t\t\t\t<\/div>\n\t\t\t\t<\/div>\n\t\t\t\t\t<\/div>\n\t\t<\/div>\n\t\t\t\t\t\t\t<\/div>\n\t\t<\/section>\n\t\t\t\t<section class=\"elementor-section elementor-top-section elementor-element elementor-element-1900c9d elementor-section-stretched elementor-section-boxed elementor-section-height-default elementor-section-height-default\" data-id=\"1900c9d\" data-element_type=\"section\" data-settings=\"{&quot;stretch_section&quot;:&quot;section-stretched&quot;}\">\n\t\t\t\t\t\t<div class=\"elementor-container elementor-column-gap-default\">\n\t\t\t\t\t<div class=\"elementor-column elementor-col-100 elementor-top-column elementor-element elementor-element-5af5dee\" data-id=\"5af5dee\" data-element_type=\"column\">\n\t\t\t<div class=\"elementor-widget-wrap elementor-element-populated\">\n\t\t\t\t\t\t\t\t<div class=\"elementor-element elementor-element-e45deb4 elementor-widget elementor-widget-heading\" data-id=\"e45deb4\" data-element_type=\"widget\" data-widget_type=\"heading.default\">\n\t\t\t\t<div class=\"elementor-widget-container\">\n\t\t\t<h2 class=\"elementor-heading-title elementor-size-default\">Truc Truc 1.0<\/h2>\t\t<\/div>\n\t\t\t\t<\/div>\n\t\t\t\t\t<\/div>\n\t\t<\/div>\n\t\t\t\t\t\t\t<\/div>\n\t\t<\/section>\n\t\t\t\t<section class=\"elementor-section elementor-top-section elementor-element elementor-element-e82cb75 elementor-section-boxed elementor-section-height-default elementor-section-height-default\" data-id=\"e82cb75\" data-element_type=\"section\">\n\t\t\t\t\t\t<div class=\"elementor-container elementor-column-gap-default\">\n\t\t\t\t\t<div class=\"elementor-column elementor-col-100 elementor-top-column elementor-element elementor-element-1e3ae75\" data-id=\"1e3ae75\" data-element_type=\"column\">\n\t\t\t<div class=\"elementor-widget-wrap elementor-element-populated\">\n\t\t\t\t\t\t\t\t<div class=\"elementor-element elementor-element-5aa8015 elementor-widget elementor-widget-spacer\" data-id=\"5aa8015\" data-element_type=\"widget\" data-widget_type=\"spacer.default\">\n\t\t\t\t<div class=\"elementor-widget-container\">\n\t\t\t\t\t<div class=\"elementor-spacer\">\n\t\t\t<div class=\"elementor-spacer-inner\"><\/div>\n\t\t<\/div>\n\t\t\t\t<\/div>\n\t\t\t\t<\/div>\n\t\t\t\t\t<\/div>\n\t\t<\/div>\n\t\t\t\t\t\t\t<\/div>\n\t\t<\/section>\n\t\t\t\t<section class=\"elementor-section elementor-top-section elementor-element elementor-element-7f08daa elementor-section-stretched elementor-section-boxed elementor-section-height-default elementor-section-height-default\" data-id=\"7f08daa\" data-element_type=\"section\" data-settings=\"{&quot;stretch_section&quot;:&quot;section-stretched&quot;}\">\n\t\t\t\t\t\t<div class=\"elementor-container elementor-column-gap-default\">\n\t\t\t\t\t<div class=\"elementor-column elementor-col-100 elementor-top-column elementor-element elementor-element-91f8784\" data-id=\"91f8784\" data-element_type=\"column\">\n\t\t\t<div class=\"elementor-widget-wrap elementor-element-populated\">\n\t\t\t\t\t\t\t\t<div class=\"elementor-element elementor-element-1e7769e elementor-widget elementor-widget-text-editor\" data-id=\"1e7769e\" data-element_type=\"widget\" data-widget_type=\"text-editor.default\">\n\t\t\t\t<div class=\"elementor-widget-container\">\n\t\t\t\t\t\t\t<p>On s&rsquo;est rencontr\u00e9 \u00e0 l&rsquo;\u00e9cole, puis avec le bouche \u00e0 oreille, puis pour les derniers, par Skype. Ensuite ce f\u00fbt cinq jours de rencontre, de travail et de cr\u00e9ation.<\/p><p>Truc Truc 1.0, c&rsquo;est 8 cr\u00e9ateurs \/ artisans aux c\u00f4t\u00e9s de Tarkos, Rainer Maria Rike, Lagarce. Durant quarante minutes, l&rsquo;espace s&rsquo;ouvre, les textes, les corps, et les sons s&rsquo;articulent entre eux.<\/p>\t\t\t\t\t\t<\/div>\n\t\t\t\t<\/div>\n\t\t\t\t\t<\/div>\n\t\t<\/div>\n\t\t\t\t\t\t\t<\/div>\n\t\t<\/section>\n\t\t\t\t<section class=\"elementor-section elementor-top-section elementor-element elementor-element-5084fd9 elementor-section-stretched elementor-section-boxed elementor-section-height-default elementor-section-height-default\" data-id=\"5084fd9\" data-element_type=\"section\" data-settings=\"{&quot;stretch_section&quot;:&quot;section-stretched&quot;}\">\n\t\t\t\t\t\t<div class=\"elementor-container elementor-column-gap-wide\">\n\t\t\t\t\t<div class=\"elementor-column elementor-col-50 elementor-top-column elementor-element elementor-element-dd42fc9\" data-id=\"dd42fc9\" data-element_type=\"column\">\n\t\t\t<div class=\"elementor-widget-wrap elementor-element-populated\">\n\t\t\t\t\t\t\t\t<div class=\"elementor-element elementor-element-a129965 gallery-spacing-custom elementor-widget elementor-widget-image-gallery\" data-id=\"a129965\" data-element_type=\"widget\" data-widget_type=\"image-gallery.default\">\n\t\t\t\t<div class=\"elementor-widget-container\">\n\t\t\t\t\t<div class=\"elementor-image-gallery\">\n\t\t\t<div id='gallery-1' class='gallery galleryid-1347 gallery-columns-1 gallery-size-medium'><figure class='gallery-item'>\n\t\t\t<div class='gallery-icon portrait'>\n\t\t\t\t<a data-elementor-open-lightbox=\"no\" href='http:\/\/basilephilippe.eu\/wp-content\/uploads\/2018\/12\/DSC_0404-e1545999591320.jpg'><img width=\"200\" height=\"300\" src=\"http:\/\/basilephilippe.eu\/wp-content\/uploads\/2018\/12\/DSC_0404-e1545999591320-200x300.jpg\" class=\"attachment-medium size-medium\" alt=\"\" decoding=\"async\" loading=\"lazy\" srcset=\"http:\/\/basilephilippe.eu\/wp-content\/uploads\/2018\/12\/DSC_0404-e1545999591320-200x300.jpg 200w, http:\/\/basilephilippe.eu\/wp-content\/uploads\/2018\/12\/DSC_0404-e1545999591320-768x1152.jpg 768w, http:\/\/basilephilippe.eu\/wp-content\/uploads\/2018\/12\/DSC_0404-e1545999591320-683x1024.jpg 683w\" sizes=\"(max-width: 200px) 100vw, 200px\" \/><\/a>\n\t\t\t<\/div><\/figure><figure class='gallery-item'>\n\t\t\t<div class='gallery-icon portrait'>\n\t\t\t\t<a data-elementor-open-lightbox=\"no\" href='http:\/\/basilephilippe.eu\/wp-content\/uploads\/2018\/12\/DSC_0315-e1545999641213.jpg'><img width=\"200\" height=\"300\" src=\"http:\/\/basilephilippe.eu\/wp-content\/uploads\/2018\/12\/DSC_0315-e1545999641213-200x300.jpg\" class=\"attachment-medium size-medium\" alt=\"\" decoding=\"async\" loading=\"lazy\" srcset=\"http:\/\/basilephilippe.eu\/wp-content\/uploads\/2018\/12\/DSC_0315-e1545999641213-200x300.jpg 200w, http:\/\/basilephilippe.eu\/wp-content\/uploads\/2018\/12\/DSC_0315-e1545999641213-768x1152.jpg 768w, http:\/\/basilephilippe.eu\/wp-content\/uploads\/2018\/12\/DSC_0315-e1545999641213-683x1024.jpg 683w\" sizes=\"(max-width: 200px) 100vw, 200px\" \/><\/a>\n\t\t\t<\/div><\/figure><figure class='gallery-item'>\n\t\t\t<div class='gallery-icon portrait'>\n\t\t\t\t<a data-elementor-open-lightbox=\"no\" href='http:\/\/basilephilippe.eu\/wp-content\/uploads\/2018\/12\/DSC_0418-e1573080278153.jpg'><img width=\"200\" height=\"300\" src=\"http:\/\/basilephilippe.eu\/wp-content\/uploads\/2018\/12\/DSC_0418-e1546000165929-200x300.jpg\" class=\"attachment-medium size-medium\" alt=\"\" decoding=\"async\" loading=\"lazy\" srcset=\"http:\/\/basilephilippe.eu\/wp-content\/uploads\/2018\/12\/DSC_0418-e1546000165929-200x300.jpg 200w, http:\/\/basilephilippe.eu\/wp-content\/uploads\/2018\/12\/DSC_0418-e1546000165929-768x1152.jpg 768w, http:\/\/basilephilippe.eu\/wp-content\/uploads\/2018\/12\/DSC_0418-e1546000165929-683x1024.jpg 683w\" sizes=\"(max-width: 200px) 100vw, 200px\" \/><\/a>\n\t\t\t<\/div><\/figure>\n\t\t<\/div>\n\t\t<\/div>\n\t\t\t\t<\/div>\n\t\t\t\t<\/div>\n\t\t\t\t\t<\/div>\n\t\t<\/div>\n\t\t\t\t<div class=\"elementor-column elementor-col-50 elementor-top-column elementor-element elementor-element-6931982\" data-id=\"6931982\" data-element_type=\"column\">\n\t\t\t<div class=\"elementor-widget-wrap elementor-element-populated\">\n\t\t\t\t\t\t\t\t<div class=\"elementor-element elementor-element-65ee1d5 elementor-widget elementor-widget-text-editor\" data-id=\"65ee1d5\" data-element_type=\"widget\" data-widget_type=\"text-editor.default\">\n\t\t\t\t<div class=\"elementor-widget-container\">\n\t\t\t\t\t\t\t<p><span style=\"font-weight: 400;\">Salut<\/span><\/p><p><span style=\"font-weight: 400;\">Salut\u00a0 \u00a0 \u00a0 \u00a0 \u00a0 \u00a0 \u00a0 \u00a0 \u00a0 \u00a0 \u00a0 \u00a0 \u00a0 \u00a0 \u00a0 \u00a0 \u00a0 \u00a0 \u00a0 \u00a0 \u00a0 \u00a0 \u00a0 \u00a0 \u00a0 \u00a0 \u00a0 \u00a0 \u00a0 \u00a0 \u00a0 \u00a0 \u00a0 \u00a0 \u00a0 \u00a0 \u00a0 \u00a0 \u00a0 \u00a0 \u00a0 \u00a0 \u00a0 \u00a0<\/span><span style=\"font-weight: 400;\">Salut\u00a0 \u00a0 \u00a0 \u00a0 \u00a0 \u00a0 \u00a0 \u00a0 \u00a0 \u00a0<\/span><span style=\"font-weight: 400;\">Salut<\/span><\/p><p><span style=\"font-weight: 400;\">\u00a0 \u00a0 \u00a0 \u00a0 \u00a0 \u00a0 \u00a0 \u00a0 \u00a0 \u00a0 \u00a0 \u00a0 \u00a0 \u00a0Salut<\/span><\/p><p><span style=\"font-weight: 400;\">Comme une envie de faire un truc, de bouger, de faire du boucan, de montrer qu&rsquo;on existe.<\/span><\/p><p><span style=\"font-weight: 400;\">Comme une envie de monter, de tourner, de voltiger, de r\u00eaver, de flamber.<\/span><\/p><p><span style=\"font-weight: 400;\">Pour annihiler la distance g\u00e9ographique qui nous s\u00e9pare.<\/span><\/p><p><span style=\"font-weight: 400;\">\u00a0Comment faire quand on n\u2019est pas au m\u00eame endroit ?\u00a0<\/span><\/p><p><span style=\"font-weight: 400;\">\u00a0<\/span><\/p><p><span style=\"font-weight: 400;\">Salut, c&rsquo;est une r\u00e9flexion collective sur la n\u00e9cessit\u00e9 de cr\u00e9er. Une n\u00e9cessit\u00e9 urgente, prenante. Un truc qui prend huit individus, comme \u00e7a, et qui les confronte au vide, au m\u00eame pas un embryon. Et \u00e7a les met dans une situation marrante, la plupart ne se connaissent pas, mais on cr\u00e9e une conversation Facebook, en se disant que \u00e7a va s\u00fbrement aider.<\/span><\/p><p><span style=\"font-weight: 400;\">Ca aide doucement, on se dit bonjour, on se t\u00e2te \u00e0 distance dans cet espace de la conversation virtuelle qui n&rsquo;en est pas un, on se pr\u00e9sente \u2026<\/span><\/p><p><span style=\"font-weight: 400;\">Dans ces individus, y&rsquo;en a qui font du cirque, du son, du jeu, de la musique, de la machinerie, de la lumi\u00e8re, de la botanique.<\/span><\/p><p><span style=\"font-weight: 400;\">\u00a0<\/span><\/p><p><span style=\"font-weight: 400;\">Ensemble, ils vont cr\u00e9er avec cette question en t\u00eate : \u00ab Qu&rsquo;est ce qu&rsquo;on fait si on se retrouve tous les huit, qu&rsquo;on doit pr\u00e9senter devant un public, tout en sachant qu&rsquo;on lui livrera toutes les \u00e9tapes de notre cr\u00e9ation, qu&rsquo;on la mettra \u00e0 nu pour lui, lui permettant de se rapprocher de nous, et pourquoi pas lui donner envie d&rsquo;en faire un, de spectacle ? \u00bb<\/span><\/p><p dir=\"ltr\">\u00a0<\/p>\t\t\t\t\t\t<\/div>\n\t\t\t\t<\/div>\n\t\t\t\t\t<\/div>\n\t\t<\/div>\n\t\t\t\t\t\t\t<\/div>\n\t\t<\/section>\n\t\t\t\t<section class=\"elementor-section elementor-top-section elementor-element elementor-element-07b0d91 elementor-section-boxed elementor-section-height-default elementor-section-height-default\" data-id=\"07b0d91\" data-element_type=\"section\">\n\t\t\t\t\t\t<div class=\"elementor-container elementor-column-gap-default\">\n\t\t\t\t\t<div class=\"elementor-column elementor-col-100 elementor-top-column elementor-element elementor-element-2932768\" data-id=\"2932768\" data-element_type=\"column\">\n\t\t\t<div class=\"elementor-widget-wrap elementor-element-populated\">\n\t\t\t\t\t\t\t\t<div class=\"elementor-element elementor-element-e704179 elementor-widget elementor-widget-spacer\" data-id=\"e704179\" data-element_type=\"widget\" data-widget_type=\"spacer.default\">\n\t\t\t\t<div class=\"elementor-widget-container\">\n\t\t\t\t\t<div class=\"elementor-spacer\">\n\t\t\t<div class=\"elementor-spacer-inner\"><\/div>\n\t\t<\/div>\n\t\t\t\t<\/div>\n\t\t\t\t<\/div>\n\t\t\t\t\t<\/div>\n\t\t<\/div>\n\t\t\t\t\t\t\t<\/div>\n\t\t<\/section>\n\t\t\t\t<section class=\"elementor-section elementor-top-section elementor-element elementor-element-0a1c458 elementor-section-boxed elementor-section-height-default elementor-section-height-default\" data-id=\"0a1c458\" data-element_type=\"section\">\n\t\t\t\t\t\t<div class=\"elementor-container elementor-column-gap-default\">\n\t\t\t\t\t<div class=\"elementor-column elementor-col-25 elementor-top-column elementor-element elementor-element-5862d4a\" data-id=\"5862d4a\" data-element_type=\"column\">\n\t\t\t<div class=\"elementor-widget-wrap elementor-element-populated\">\n\t\t\t\t\t\t\t\t<div class=\"elementor-element elementor-element-2b5088f elementor-widget elementor-widget-image\" data-id=\"2b5088f\" data-element_type=\"widget\" data-widget_type=\"image.default\">\n\t\t\t\t<div class=\"elementor-widget-container\">\n\t\t\t\t\t\t\t\t\t\t\t\t\t\t\t<img decoding=\"async\" loading=\"lazy\" width=\"562\" height=\"710\" src=\"http:\/\/basilephilippe.eu\/wp-content\/uploads\/2018\/12\/trucaffiche.jpg\" class=\"attachment-large size-large wp-image-762\" alt=\"\" srcset=\"http:\/\/basilephilippe.eu\/wp-content\/uploads\/2018\/12\/trucaffiche.jpg 562w, http:\/\/basilephilippe.eu\/wp-content\/uploads\/2018\/12\/trucaffiche-237x300.jpg 237w\" sizes=\"(max-width: 562px) 100vw, 562px\" \/>\t\t\t\t\t\t\t\t\t\t\t\t\t\t\t<\/div>\n\t\t\t\t<\/div>\n\t\t\t\t\t<\/div>\n\t\t<\/div>\n\t\t\t\t<div class=\"elementor-column elementor-col-25 elementor-top-column elementor-element elementor-element-9bc34fd\" data-id=\"9bc34fd\" data-element_type=\"column\">\n\t\t\t<div class=\"elementor-widget-wrap elementor-element-populated\">\n\t\t\t\t\t\t\t\t<div class=\"elementor-element elementor-element-0e477f7 elementor-widget elementor-widget-image\" data-id=\"0e477f7\" data-element_type=\"widget\" data-widget_type=\"image.default\">\n\t\t\t\t<div class=\"elementor-widget-container\">\n\t\t\t\t\t\t\t\t\t\t\t\t\t\t\t<img decoding=\"async\" loading=\"lazy\" width=\"562\" height=\"710\" src=\"http:\/\/basilephilippe.eu\/wp-content\/uploads\/2018\/12\/trucaffiche.jpg\" class=\"attachment-large size-large wp-image-762\" alt=\"\" srcset=\"http:\/\/basilephilippe.eu\/wp-content\/uploads\/2018\/12\/trucaffiche.jpg 562w, http:\/\/basilephilippe.eu\/wp-content\/uploads\/2018\/12\/trucaffiche-237x300.jpg 237w\" sizes=\"(max-width: 562px) 100vw, 562px\" \/>\t\t\t\t\t\t\t\t\t\t\t\t\t\t\t<\/div>\n\t\t\t\t<\/div>\n\t\t\t\t\t<\/div>\n\t\t<\/div>\n\t\t\t\t<div class=\"elementor-column elementor-col-25 elementor-top-column elementor-element elementor-element-f879c4d\" data-id=\"f879c4d\" data-element_type=\"column\">\n\t\t\t<div class=\"elementor-widget-wrap elementor-element-populated\">\n\t\t\t\t\t\t\t\t<div class=\"elementor-element elementor-element-5e1c875 elementor-widget elementor-widget-image\" data-id=\"5e1c875\" data-element_type=\"widget\" data-widget_type=\"image.default\">\n\t\t\t\t<div class=\"elementor-widget-container\">\n\t\t\t\t\t\t\t\t\t\t\t\t\t\t\t<img decoding=\"async\" loading=\"lazy\" width=\"562\" height=\"710\" src=\"http:\/\/basilephilippe.eu\/wp-content\/uploads\/2018\/12\/trucaffiche.jpg\" class=\"attachment-large size-large wp-image-762\" alt=\"\" srcset=\"http:\/\/basilephilippe.eu\/wp-content\/uploads\/2018\/12\/trucaffiche.jpg 562w, http:\/\/basilephilippe.eu\/wp-content\/uploads\/2018\/12\/trucaffiche-237x300.jpg 237w\" sizes=\"(max-width: 562px) 100vw, 562px\" \/>\t\t\t\t\t\t\t\t\t\t\t\t\t\t\t<\/div>\n\t\t\t\t<\/div>\n\t\t\t\t\t<\/div>\n\t\t<\/div>\n\t\t\t\t<div class=\"elementor-column elementor-col-25 elementor-top-column elementor-element elementor-element-e293928\" data-id=\"e293928\" data-element_type=\"column\">\n\t\t\t<div class=\"elementor-widget-wrap elementor-element-populated\">\n\t\t\t\t\t\t\t\t<div class=\"elementor-element elementor-element-6a4895a elementor-widget elementor-widget-image\" data-id=\"6a4895a\" data-element_type=\"widget\" data-widget_type=\"image.default\">\n\t\t\t\t<div class=\"elementor-widget-container\">\n\t\t\t\t\t\t\t\t\t\t\t\t\t\t\t<img decoding=\"async\" loading=\"lazy\" width=\"562\" height=\"710\" src=\"http:\/\/basilephilippe.eu\/wp-content\/uploads\/2018\/12\/trucaffiche.jpg\" class=\"attachment-large size-large wp-image-762\" alt=\"\" srcset=\"http:\/\/basilephilippe.eu\/wp-content\/uploads\/2018\/12\/trucaffiche.jpg 562w, http:\/\/basilephilippe.eu\/wp-content\/uploads\/2018\/12\/trucaffiche-237x300.jpg 237w\" sizes=\"(max-width: 562px) 100vw, 562px\" \/>\t\t\t\t\t\t\t\t\t\t\t\t\t\t\t<\/div>\n\t\t\t\t<\/div>\n\t\t\t\t\t<\/div>\n\t\t<\/div>\n\t\t\t\t\t\t\t<\/div>\n\t\t<\/section>\n\t\t\t\t<section class=\"elementor-section elementor-top-section elementor-element elementor-element-90b8056 elementor-section-boxed elementor-section-height-default elementor-section-height-default\" data-id=\"90b8056\" data-element_type=\"section\">\n\t\t\t\t\t\t<div class=\"elementor-container elementor-column-gap-default\">\n\t\t\t\t\t<div class=\"elementor-column elementor-col-100 elementor-top-column elementor-element elementor-element-81a75ca\" data-id=\"81a75ca\" data-element_type=\"column\">\n\t\t\t<div class=\"elementor-widget-wrap elementor-element-populated\">\n\t\t\t\t\t\t\t\t<div class=\"elementor-element elementor-element-3695184 elementor-widget elementor-widget-spacer\" data-id=\"3695184\" data-element_type=\"widget\" data-widget_type=\"spacer.default\">\n\t\t\t\t<div class=\"elementor-widget-container\">\n\t\t\t\t\t<div class=\"elementor-spacer\">\n\t\t\t<div class=\"elementor-spacer-inner\"><\/div>\n\t\t<\/div>\n\t\t\t\t<\/div>\n\t\t\t\t<\/div>\n\t\t\t\t\t<\/div>\n\t\t<\/div>\n\t\t\t\t\t\t\t<\/div>\n\t\t<\/section>\n\t\t\t\t<section class=\"elementor-section elementor-top-section elementor-element elementor-element-0af60f0 elementor-section-boxed elementor-section-height-default elementor-section-height-default\" data-id=\"0af60f0\" data-element_type=\"section\">\n\t\t\t\t\t\t<div class=\"elementor-container elementor-column-gap-default\">\n\t\t\t\t\t<div class=\"elementor-column elementor-col-20 elementor-top-column elementor-element elementor-element-5886cc1\" data-id=\"5886cc1\" data-element_type=\"column\">\n\t\t\t<div class=\"elementor-widget-wrap\">\n\t\t\t\t\t\t\t\t\t<\/div>\n\t\t<\/div>\n\t\t\t\t<div class=\"elementor-column elementor-col-20 elementor-top-column elementor-element elementor-element-95c49e0\" data-id=\"95c49e0\" data-element_type=\"column\">\n\t\t\t<div class=\"elementor-widget-wrap elementor-element-populated\">\n\t\t\t\t\t\t\t\t<div class=\"elementor-element elementor-element-4a69a19 elementor-widget elementor-widget-text-editor\" data-id=\"4a69a19\" data-element_type=\"widget\" data-widget_type=\"text-editor.default\">\n\t\t\t\t<div class=\"elementor-widget-container\">\n\t\t\t\t\t\t\t<p>I<\/p><p>Nous sommes au tout d\u00e9but, vois-tu.<br \/>Comme avant toute chose. Avec<br \/>Mille et un r\u00eaves derri\u00e8re nous et<br \/>sans acte.<\/p>\t\t\t\t\t\t<\/div>\n\t\t\t\t<\/div>\n\t\t\t\t\t<\/div>\n\t\t<\/div>\n\t\t\t\t<div class=\"elementor-column elementor-col-20 elementor-top-column elementor-element elementor-element-3167816\" data-id=\"3167816\" data-element_type=\"column\">\n\t\t\t<div class=\"elementor-widget-wrap\">\n\t\t\t\t\t\t\t\t\t<\/div>\n\t\t<\/div>\n\t\t\t\t<div class=\"elementor-column elementor-col-20 elementor-top-column elementor-element elementor-element-af2673f\" data-id=\"af2673f\" data-element_type=\"column\">\n\t\t\t<div class=\"elementor-widget-wrap elementor-element-populated\">\n\t\t\t\t\t\t\t\t<div class=\"elementor-element elementor-element-5439ecb elementor-widget elementor-widget-text-editor\" data-id=\"5439ecb\" data-element_type=\"widget\" data-widget_type=\"text-editor.default\">\n\t\t\t\t<div class=\"elementor-widget-container\">\n\t\t\t\t\t\t\t<p>II<\/p><p>Je ne peux penser plus heureux savoir<br \/>que cet unique-ci :<br \/>qu\u2019il faut devenir un initiateur.<br \/>Un qui \u00e9crit le premier mot derri\u00e8re un<br \/>s\u00e9culaire<br \/>tiret.<\/p>\t\t\t\t\t\t<\/div>\n\t\t\t\t<\/div>\n\t\t\t\t\t<\/div>\n\t\t<\/div>\n\t\t\t\t<div class=\"elementor-column elementor-col-20 elementor-top-column elementor-element elementor-element-1cf68da\" data-id=\"1cf68da\" data-element_type=\"column\">\n\t\t\t<div class=\"elementor-widget-wrap\">\n\t\t\t\t\t\t\t\t\t<\/div>\n\t\t<\/div>\n\t\t\t\t\t\t\t<\/div>\n\t\t<\/section>\n\t\t\t\t<section class=\"elementor-section elementor-top-section elementor-element elementor-element-b05be82 elementor-section-stretched elementor-section-boxed elementor-section-height-default elementor-section-height-default\" data-id=\"b05be82\" data-element_type=\"section\" data-settings=\"{&quot;stretch_section&quot;:&quot;section-stretched&quot;}\">\n\t\t\t\t\t\t<div class=\"elementor-container elementor-column-gap-default\">\n\t\t\t\t\t<div class=\"elementor-column elementor-col-33 elementor-top-column elementor-element elementor-element-9609e69\" data-id=\"9609e69\" data-element_type=\"column\">\n\t\t\t<div class=\"elementor-widget-wrap\">\n\t\t\t\t\t\t\t\t\t<\/div>\n\t\t<\/div>\n\t\t\t\t<div class=\"elementor-column elementor-col-33 elementor-top-column elementor-element elementor-element-2f82de1\" data-id=\"2f82de1\" data-element_type=\"column\">\n\t\t\t<div class=\"elementor-widget-wrap elementor-element-populated\">\n\t\t\t\t\t\t\t\t<div class=\"elementor-element elementor-element-1704d15 elementor-widget elementor-widget-text-editor\" data-id=\"1704d15\" data-element_type=\"widget\" data-widget_type=\"text-editor.default\">\n\t\t\t\t<div class=\"elementor-widget-container\">\n\t\t\t\t\t\t\t<p><b>\u00a0<\/b><b style=\"font-size: 9px;\">Rainer Maria Rilke<\/b><\/p><p>Notes sur la m\u00e9lodie des <i>choses<\/i><\/p>\t\t\t\t\t\t<\/div>\n\t\t\t\t<\/div>\n\t\t\t\t\t<\/div>\n\t\t<\/div>\n\t\t\t\t<div class=\"elementor-column elementor-col-33 elementor-top-column elementor-element elementor-element-f8f63d8\" data-id=\"f8f63d8\" data-element_type=\"column\">\n\t\t\t<div class=\"elementor-widget-wrap elementor-element-populated\">\n\t\t\t\t\t\t\t\t<div class=\"elementor-element elementor-element-276a019 elementor-widget elementor-widget-text-editor\" data-id=\"276a019\" data-element_type=\"widget\" data-widget_type=\"text-editor.default\">\n\t\t\t\t<div class=\"elementor-widget-container\">\n\t\t\t\t\t\t\t\t\t\t\t\t\t<\/div>\n\t\t\t\t<\/div>\n\t\t\t\t\t<\/div>\n\t\t<\/div>\n\t\t\t\t\t\t\t<\/div>\n\t\t<\/section>\n\t\t\t\t<section class=\"elementor-section elementor-top-section elementor-element elementor-element-8eba6e3 elementor-section-boxed elementor-section-height-default elementor-section-height-default\" data-id=\"8eba6e3\" data-element_type=\"section\">\n\t\t\t\t\t\t<div class=\"elementor-container elementor-column-gap-default\">\n\t\t\t\t\t<div class=\"elementor-column elementor-col-100 elementor-top-column elementor-element elementor-element-c8e3dda\" data-id=\"c8e3dda\" data-element_type=\"column\">\n\t\t\t<div class=\"elementor-widget-wrap elementor-element-populated\">\n\t\t\t\t\t\t\t\t<div class=\"elementor-element elementor-element-02fdae8 elementor-widget elementor-widget-spacer\" data-id=\"02fdae8\" data-element_type=\"widget\" data-widget_type=\"spacer.default\">\n\t\t\t\t<div class=\"elementor-widget-container\">\n\t\t\t\t\t<div class=\"elementor-spacer\">\n\t\t\t<div class=\"elementor-spacer-inner\"><\/div>\n\t\t<\/div>\n\t\t\t\t<\/div>\n\t\t\t\t<\/div>\n\t\t\t\t\t<\/div>\n\t\t<\/div>\n\t\t\t\t\t\t\t<\/div>\n\t\t<\/section>\n\t\t\t\t<section class=\"elementor-section elementor-top-section elementor-element elementor-element-023aec5 elementor-section-stretched elementor-section-boxed elementor-section-height-default elementor-section-height-default\" data-id=\"023aec5\" data-element_type=\"section\" data-settings=\"{&quot;stretch_section&quot;:&quot;section-stretched&quot;}\">\n\t\t\t\t\t\t<div class=\"elementor-container elementor-column-gap-default\">\n\t\t\t\t\t<div class=\"elementor-column elementor-col-100 elementor-top-column elementor-element elementor-element-9bff65a\" data-id=\"9bff65a\" data-element_type=\"column\">\n\t\t\t<div class=\"elementor-widget-wrap elementor-element-populated\">\n\t\t\t\t\t\t\t\t<div class=\"elementor-element elementor-element-f0a208c elementor-widget elementor-widget-text-editor\" data-id=\"f0a208c\" data-element_type=\"widget\" data-widget_type=\"text-editor.default\">\n\t\t\t\t<div class=\"elementor-widget-container\">\n\t\t\t\t\t\t\t<p>Cr\u00e9dits photos : Marjolaine Mansot<\/p>\t\t\t\t\t\t<\/div>\n\t\t\t\t<\/div>\n\t\t\t\t\t<\/div>\n\t\t<\/div>\n\t\t\t\t\t\t\t<\/div>\n\t\t<\/section>\n\t\t\t\t\t\t\t<\/div>\n\t\t","protected":false},"excerpt":{"rendered":"<p>Truc Truc 1.0 On s&rsquo;est rencontr\u00e9 \u00e0 l&rsquo;\u00e9cole, puis avec le bouche \u00e0 oreille, puis pour les derniers, par Skype. Ensuite ce f\u00fbt cinq jours de rencontre, de travail et de cr\u00e9ation. Truc Truc 1.0, c&rsquo;est 8 cr\u00e9ateurs \/ artisans aux c\u00f4t\u00e9s de Tarkos, Rainer Maria Rike, Lagarce. Durant quarante minutes, l&rsquo;espace s&rsquo;ouvre, les textes, [&hellip;]<\/p>\n","protected":false},"author":1,"featured_media":0,"parent":0,"menu_order":0,"comment_status":"closed","ping_status":"closed","template":"","meta":{"footnotes":""},"aioseo_notices":[],"_links":{"self":[{"href":"http:\/\/basilephilippe.eu\/index.php\/wp-json\/wp\/v2\/pages\/1347"}],"collection":[{"href":"http:\/\/basilephilippe.eu\/index.php\/wp-json\/wp\/v2\/pages"}],"about":[{"href":"http:\/\/basilephilippe.eu\/index.php\/wp-json\/wp\/v2\/types\/page"}],"author":[{"embeddable":true,"href":"http:\/\/basilephilippe.eu\/index.php\/wp-json\/wp\/v2\/users\/1"}],"replies":[{"embeddable":true,"href":"http:\/\/basilephilippe.eu\/index.php\/wp-json\/wp\/v2\/comments?post=1347"}],"version-history":[{"count":11,"href":"http:\/\/basilephilippe.eu\/index.php\/wp-json\/wp\/v2\/pages\/1347\/revisions"}],"predecessor-version":[{"id":1808,"href":"http:\/\/basilephilippe.eu\/index.php\/wp-json\/wp\/v2\/pages\/1347\/revisions\/1808"}],"wp:attachment":[{"href":"http:\/\/basilephilippe.eu\/index.php\/wp-json\/wp\/v2\/media?parent=1347"}],"curies":[{"name":"wp","href":"https:\/\/api.w.org\/{rel}","templated":true}]}}